
Suppose 7*t - 2*q - 205561 = 2*t, -2*t + 5*q = -82216. Is t prime?
True
Is (-76 - -73)*4626422/(-3) - 2/2 prime?
True
Suppose -18*z = -3*h - 21*z + 8817, 2*h = z + 5878. Is h a composite number?
False
Let m be 24/(-9)*9/(-12). Let h be 1/m + (-2)/4 + 0. Suppose 2*b - 116 = -h*b. Is b prime?
False
Let h = 62426 - 10293. Is h composite?
True
Let n(t) = -322*t - 261. Let o(b) = -107*b - 88. Let r(s) = 4*n(s) - 11*o(s). Is r(-5) composite?
False
Suppose 0 = -17*n + 25*n - 106088. Is n prime?
False
Suppose -10*n = -730 - 402700. Is n a composite number?
False
Suppose 0 = 3*g + 3*i + 9, -3*g - 2*i = -2 + 11. Let n be (5 - 3)*g/(3/20). Is ((-1226)/8)/((-155)/n + -4) prime?
False
Suppose 0 = -h - 5 + 8. Suppose 0 = h*l + 15, 0 = 4*n - 4*l - 1253 - 1455. Suppose 919 + n = v. Is v a composite number?
True
Let r = -55 + 69. Let l = r - 9. Suppose l*a = 5*g + 12375, 7*g - 2*g = a - 2491. Is a a prime number?
False
Suppose 4*i - 5*s = 9544, -199 - 2186 = -i + s. Is (-5)/2*2 + i - 5 a composite number?
False
Let m(h) = h**2 + 5*h + 7. Suppose -7*j + 4 = -10. Suppose 0 = j*n - n + 6. Is m(n) prime?
True
Suppose -5*m - 69 + 179 = 0. Suppose 7160 = m*k - 3158. Is k a composite number?
True
Let m(n) = -2*n - 41. Let l be m(-18). Let h be (l + (-27)/3)/((-4)/(-14)). Let s = 134 + h. Is s prime?
False
Let j(c) = -128*c + 705. Is j(-41) prime?
True
Let i(v) = -5*v**3 - 2*v**2 - 2*v + 5. Let j = 146 - 150. Is i(j) a composite number?
True
Suppose 9*g + g = 10790. Suppose 0*m - 2*v = m - 1079, 4*v = m - g. Suppose -c - i + m = i, -c + 4*i + 1103 = 0. Is c composite?
False
Let t = 233235 + -118534. Is t a prime number?
False
Let x = 40521 - -32108. Is x composite?
True
Suppose -150238 - 430024 - 816381 = -31*w. Is w a prime number?
True
Is ((-28)/(-14))/((-4)/(-594754)) + 39 + -39 prime?
True
Suppose 5*y - 5*c - 70 = -0*c, -3*c = 2*y - 23. Let m(s) = -52*s**3 - 15*s**2 + 18*s - 31. Let d be m(y). Is d/(-80) - (12/10 + -1) prime?
False
Let a be ((58929/2)/(-3))/(4/(-8)). Suppose -16*r + a = -3*r. Is r a composite number?
False
Let r(p) = -4058*p + 13. Suppose 4*a = -21*g + 17*g + 4, -3*g - 21 = -3*a. Is r(g) prime?
False
Suppose 0 = 5*h - 10*h + 25, p + 180 = -5*h. Let q = 336 - p. Is q a composite number?
False
Let j = 81409 + -54416. Suppose 0 = 11*t - j - 12134. Is t a composite number?
False
Suppose 104*w = -55*w + 7110003. Is w prime?
False
Let d be 1 + -3 - (-15 + 29762). Let r = -18510 - d. Is r prime?
True
Let b(r) = 90*r**3 - 4*r**2 - 4*r + 3. Let t(w) = 449*w**3 - 21*w**2 - 22*w + 14. Let u(l) = 11*b(l) - 2*t(l). Is u(3) prime?
False
Let v(z) = -z**3 - 19*z**2 + 2*z + 31. Let d be v(-19). Is -1 + d + 6 - (-3222 - 3) a composite number?
True
Let k(p) be the first derivative of 180*p**2 - 179*p + 1. Is k(24) prime?
True
Suppose -7*j + 6*j = b + 20, -b - 68 = 4*j. Is 177915/24 + 2/j - 4 composite?
True
Let n = -5890 - -22033. Suppose 2*l - 5*l - f + 48429 = 0, 0 = l + 5*f - n. Is l composite?
True
Suppose 0 = -2*s + 5*c + 477757, -36*c = 4*s - 35*c - 955481. Is s composite?
True
Is (10 - 370383)*(16/(-18) + (-11)/99) composite?
False
Let o(b) = b**3 - 14*b**2 + 3*b + 14. Let f be o(12). Let t be -1 + 3*f/(-3). Let a = t + -80. Is a a composite number?
False
Suppose 33 = -690*m + 701*m. Suppose -5*v - g + 3 = -0*v, -3*g = -9. Is 19516/17 + 1*m + v a prime number?
True
Suppose 14*z - 8*f = 11*z + 825905, -4*z = -5*f - 1101184. Is z prime?
False
Suppose 7*j = -11*j + 275490. Suppose j + 2917 = 6*b. Is b a composite number?
False
Suppose -y + 4*o = -0*o, -4*o = -4. Suppose -4*k + 8*k + y = 0. Is (-57)/k*34/6 prime?
False
Suppose 5*c - 4*c - i + 3 = 0, 2*c = -4*i + 6. Let t be (-109)/4*12/c. Suppose -5*x = -118 - t. Is x composite?
False
Suppose 0 = 2*r - 6*r - 28, 5*h - 4*r - 2711663 = 0. Is h prime?
False
Suppose 3*q - 9 + 0 = 0. Let l(u) be the second derivative of 27*u**5/20 - 5*u**4/12 + 2*u**3/3 - 5*u**2/2 - 2*u. Is l(q) a prime number?
True
Suppose -83*r = -81*r + 2*i - 174820, 5*i = -3*r + 262236. Is r a composite number?
False
Let i(z) = -15*z**2 + 75*z + 3. Let b be i(5). Suppose -3*l - 51167 = -5*x, b*x = -2*x + 2*l + 51163. Is x composite?
True
Is 0 + -3 - 2 - (48 - 94254) prime?
True
Let j(b) = -b**2 - 38*b - 31. Let o be j(-28). Let q be -126 + (1 - 1) - 0. Let l = q + o. Is l composite?
True
Suppose -10*k - 2 + 2 = 0. Suppose 5*z = d + 25, k = 2*d - 0*d + 4*z - 6. Is ((-14)/2)/(d/155) prime?
False
Suppose 15*u - 12*u = -42. Let l be 4/(-24)*4 + u/(-3). Suppose -3*m + 881 = l*x, -m - 3*m = x - 1166. Is m a composite number?
True
Suppose -3*i + 38 = -55. Suppose i*a - 27*a = 956. Let r = a + 168. Is r prime?
False
Suppose -5*d + 79 = -3*x - 604, 539 = 4*d + 5*x. Suppose 2*n = 10*n + d. Is (-57 - 1)/(2/n) a composite number?
True
Let h = -114 + 142. Suppose -68*f = -h*f - 223880. Is f a composite number?
True
Let b(q) = -41*q + 10. Let a(r) = r**2 + 7*r + 14. Let v be a(-6). Suppose -2*u + v*u + 54 = 0. Is b(u) prime?
True
Suppose -8*g + 4*g = -196316. Suppose 19*u - 2*u - g = 0. Is u prime?
True
Let i(k) = k**3 + k**2 + k + 1559. Let y be -4 + 3/(3/4). Is i(y) a prime number?
True
Suppose -8 = 2*o - 12. Suppose o*t - 4 + 0 = 0. Suppose t*y - 90 = 104. Is y composite?
False
Suppose 2*o - 265 = 853. Let u = -95 - -403. Let q = o - u. Is q a prime number?
True
Suppose 17*h - 21*h = -160. Is 74/6*210/h*4 a composite number?
True
Suppose 0 = -6*u + w + 141974, 37*w - 40*w + 71001 = 3*u. Is u a prime number?
True
Suppose 101*d = 146*d - 13908555. Is d a prime number?
True
Suppose -2*h - 43 = 181. Let r be h/(-24) + 1/3. Suppose -2*b + 2614 = 2*m - 904, -5*b + r*m + 8745 = 0. Is b composite?
True
Let k(x) = -13*x**2 + x + 4. Let a be k(0). Suppose 2*z - t - 6727 = -2*z, 6721 = a*z + t. Is z a composite number?
True
Suppose 0 = 4*d + 3*y - 6544, -5*d = 5*y - 6942 - 1233. Is d prime?
False
Let n = 183 - 176. Suppose 657 = 3*g - 3*a, -n*g + 2*a + 876 = -3*g. Is g composite?
True
Let h = -317 - -323. Suppose -h*i + 42577 = -26537. Is i composite?
False
Is (-6)/(-24) - (4019631/44)/(-7) a composite number?
True
Suppose -31*o - 7*o = -266. Suppose -23142 = -o*z + 20657. Is z composite?
False
Suppose -54*b = 36*b - 151*b + 21799021. Is b composite?
True
Let s be ((-6)/4)/3 - (-570699)/138. Let m = s - 1676. Is m a composite number?
False
Let c be 3/9 - (-38)/(-6). Suppose 66*z - 67*z + 3 = 0. Is (z/c + 3)*58 a prime number?
False
Suppose -12*f + 28 = -20. Suppose -3*k = -20*y + 23*y - 48996, -48995 = -3*k - f*y. Is k a prime number?
True
Suppose d = 2*m + 10, 6*m - 5*m = -3*d - 5. Is (-15)/m - -131*(3 - -10) a prime number?
False
Suppose -16*u + 564888 = -8*u. Suppose 2*i - u = -2*n + 98813, -5*n + 4*i = -423569. Is n prime?
True
Suppose -2198 - 1472 = -5*r. Is r/1 - (-7)/(-7) prime?
True
Is 573*1*(4/(-9))/(248/(-23622)) a composite number?
True
Let h = -41489 + 74092. Is h a composite number?
False
Let k(y) = -y**3 - 9*y**2 + 9*y + 12. Let u be k(-10). Let a(t) = 329*t + 71. Is a(u) a prime number?
True
Suppose 4*a - 61 = b, -2*b + 81 = 4*a - 7*b. Is (-5732)/(-14) + 8/a - 3 prime?
False
Let z = 28566 + 37645. Is z a prime number?
False
Let f = 26874 - 9347. Is f prime?
False
Let s(k) = -12*k**2 - 3*k + 18301. Is s(0) composite?
False
Let k = 5 - 4. Let c = 0 - k. Is (-15)/(-10)*(-38)/c a composite number?
True
Let i = -8472 + 2684. Let t be -2 + (i/(-4) - -4). Let s = 2650 - t. Is s prime?
True
Suppose -418 = -310*m + 299*m. Suppose -m*j + 194948 = 14*j. Is j a composite number?
True
Suppose 128*k - 132*k + 12 = 2*l, 0 = 4*l - 2*k + 6. Suppose -3*v - 3*q + 400 = q, -5*v = 5*q - 660. Is l/2 + -13 + v a composite number?
True
Suppose 2*i - 2499 = -5*z, -4*z - 6297 = -5*i - 0*z. Let a = i + -685. Let m = a - 369. Is m prime?
False
Let k(r) = 6*r**2 - 9*r - 1. Let f(l) = l + 29 - 14 + 12. Let p be f(-21). Is k(p) prime?
False
Let w(g) = g + 4*g**2 - 9*g + 4*g**2 - 3*g**2 + 7. Let z be -11 - (-2 - (-5 + 4)). Is w(z) a prime number?
True
Suppose 0 = 7*w + 20 - 34. Is (w/(-4))/(72/(-265968)) composite?
False
Let z be (-142 - 0)/(5 - (-873)/(-175)). Let s = z + 22218. Is s composite?
True
Let u(c) be the first derivative of -3*c**4 - 10*c**3/3 + 3*c**2/2 + 8*c - 99. Is u(-7) a prime number?
True
Let v(j) = -18*j**3 - 31*j**2 + 90*j + 219. Is v(-32) a composite number?